69
What are the prime factors of 937574?
2, 11, 19, 2243
List the prime factors of 4434798.
2, 3, 31, 113, 211
What are the prime factors of 11233470?
2, 3, 5, 31, 47, 257
What are the prime factors of 265981?
19, 13999
List the prime factors of 486824.
2, 13, 31, 151
What are the prime factors of 20707313?
11, 311, 6053
List the prime factors of 18697663.
29, 644747
What are the prime factors of 2368646?
2, 7, 89, 1901
What are the prime factors of 149155?
5, 23, 1297
List the prime factors of 16278722.
2, 41, 67, 2963
What are the prime factors of 43032?
2, 3, 11, 163
List the prime factors of 3488887.
3488887
What are the prime factors of 3277217?
3277217
What are the prime factors of 1228609?
233, 5273
List the prime factors of 8914749.
3, 17, 174799
What are the prime factors of 3157016?
2, 337, 1171
List the prime factors of 289068.
2, 3, 13, 17, 109
What are the prime factors of 479622?
2, 3, 11, 13, 43
What are the prime factors of 7892890?
2, 5, 79, 97, 103
List the prime factors of 822271.
89, 9239
What are the prime factors of 4952125?
5, 173, 229
List the prime factors of 1194859.
71, 16829
What are the prime factors of 734786?
2, 13, 59, 479
What are the prime factors of 1431120?
2, 3, 5, 67, 89
List the prime factors of 239600.
2, 5, 599
List the prime factors of 106788.
2, 3, 11, 809
List the prime factors of 1857889.
11, 168899
What are the prime factors of 256253?
19, 13487
What are the prime factors of 5314584?
2, 3, 11, 41, 491
List the prime factors of 3583319.
43, 167, 499
List the prime factors of 4473575.
5, 127, 1409
List the prime factors of 406223.
37, 10979
What are the prime factors of 207709?
207709
List the prime factors of 10406676.
2, 3, 7, 229, 541
List the prime factors of 253618.
2, 173, 733
List the prime factors of 197680.
2, 5, 7, 353
List the prime factors of 9731933.
19, 512207
List the prime factors of 39637.
13, 3049
List the prime factors of 143514.
2, 3, 7, 17, 67
List the prime factors of 1700860.
2, 5, 7, 12149
What are the prime factors of 598300?
2, 5, 31, 193
What are the prime factors of 1507807?
7, 47, 4583
What are the prime factors of 4136847?
3, 11, 13, 9643
List the prime factors of 2615226.
2, 3, 41, 10631
List the prime factors of 99687.
3, 7, 47, 101
What are the prime factors of 10919127?
3, 1013, 3593
What are the prime factors of 1053213?
3, 7, 50153
List the prime factors of 923807.
103, 8969
List the prime factors of 3794548.
2, 379, 2503
List the prime factors of 406361.
406361
What are the prime factors of 74278?
2, 37139
What are the prime factors of 97445?
5, 19489
List the prime factors of 6384225.
3, 5, 23, 3701
List the prime factors of 4191859.
7, 61, 9817
List the prime factors of 2258451.
3, 13, 97, 199
What are the prime factors of 15638785?
5, 3127757
What are the prime factors of 641360?
2, 5, 8017
What are the prime factors of 16806?
2, 3, 2801
List the prime factors of 2622116.
2, 7, 37, 2531
What are the prime factors of 1484247?
3, 494749
List the prime factors of 171491.
171491
What are the prime factors of 4467783?
3, 1489261
List the prime factors of 6158203.
541, 11383
What are the prime factors of 493830?
2, 3, 5, 31, 59
What are the prime factors of 7731276?
2, 3, 7, 31, 2969
What are the prime factors of 113741?
107, 1063
List the prime factors of 6750969.
3, 613, 3671
What are the prime factors of 8227273?
8227273
List the prime factors of 648588.
2, 3, 54049
List the prime factors of 241693.
101, 2393
What are the prime factors of 1215343?
23, 53, 997
What are the prime factors of 302647?
302647
What are the prime factors of 5684?
2, 7, 29
List the prime factors of 8011774.
2, 23, 174169
What are the prime factors of 6553321?
23, 284927
What are the prime factors of 1036417?
197, 5261
List the prime factors of 180973.
13, 13921
What are the prime factors of 350397?
3, 38933
List the prime factors of 129343.
211, 613
List the prime factors of 7330661.
13, 563897
What are the prime factors of 1089486?
2, 3, 60527
List the prime factors of 986051.
11, 17, 5273
List the prime factors of 6863641.
71, 96671
What are the prime factors of 973416?
2, 3, 40559
What are the prime factors of 6752579?
241, 28019
List the prime factors of 6635839.
7, 37, 25621
What are the prime factors of 11616?
2, 3, 11
What are the prime factors of 196710?
2, 3, 5, 79, 83
What are the prime factors of 192321?
3, 17, 419
List the prime factors of 2806756.
2, 19, 36931
What are the prime factors of 6689849?
23, 239, 1217
List the prime factors of 5978687.
11, 13, 41809
What are the prime factors of 7859353?
23, 83, 179
What are the prime factors of 3415145?
5, 797, 857
What are the prime factors of 3725?
5, 149
List the prime factors of 941537.
941537
What are the prime factors of 6919374?
2, 3, 7, 11, 17, 881
List the prime factors of 3563349.
3, 53, 73, 307
What are the prime factors of 10195659?
3, 377617
What are the prime factors of 1009173?
3, 11, 53, 577
List the prime factors of 2568255.
3, 5, 131, 1307
What are the prime factors of 438030?
2, 3, 5, 31, 157
What are the prime factors of 831483?
3, 92387
What are the prime factors of 389389?
7, 11, 13, 389
List the prime factors of 468872.
2, 29, 43, 47
List the prime factors of 11238467.
23, 443, 1103
What are the prime factors of 6621420?
2, 3, 5, 13, 653
What are the prime factors of 241706?
2, 17, 7109
What are the prime factors of 1333086?
2, 3, 43, 5167
What are the prime factors of 16620132?
2, 3, 29, 163, 293
List the prime factors of 158044.
2, 39511
What are the prime factors of 597071?
157, 3803
What are the prime factors of 3637042?
2, 1818521
What are the prime factors of 203978?
2, 79, 1291
List the prime factors of 1831311.
3, 67, 3037
What are the prime factors of 294099?
3, 13, 7541
List the prime factors of 889172.
2, 222293
List the prime factors of 143824.
2, 89, 101
What are the prime factors of 1598281?
71, 22511
What are the prime factors of 20174074?
2, 1447, 6971
List the prime factors of 9437.
9437
What are the prime factors of 6407715?
3, 5, 427181
What are the prime factors of 289589?
289589
List the prime factors of 1805690.
2, 5, 180569
What are the prime factors of 5440354?
2, 317, 8581
List the prime factors of 12082002.
2, 3, 17, 31, 3821
What are the prime factors of 1473948?
2, 3, 7, 5849
What are the prime factors of 2114379?
3, 234931
What are the prime factors of 204473?
73, 2801
What are the prime factors of 4062992?
2, 253937
List the prime factors of 222734.
2, 17, 6551
What are the prime factors of 1248820?
2, 5, 17, 3673
What are the prime factors of 1288265?
5, 11, 59, 397
What are the prime factors of 7798121?
17, 97, 4729
What are the prime factors of 2034371?
37, 54983
List the prime factors of 1496206.
2, 37, 20219
List the prime factors of 471125.
5, 3769
List the prime factors of 264944.
2, 29, 571
List the prime factors of 21808683.
3, 13, 139, 149
List the prime factors of 1247350.
2, 5, 13, 19, 101
List the prime factors of 15977356.
2, 67, 59617
List the prime factors of 987143.
987143
What are the prime factors of 10953358?
2, 13, 29, 73, 199
What are the prime factors of 1588020?
2, 3, 5, 7, 19, 199
What are the prime factors of 81961?
11, 7451
What are the prime factors of 5773139?
5773139
List the prime factors of 1639894.
2, 149, 5503
What are the prime factors of 8641061?
11, 13, 60427
List the prime factors of 664128.
2, 3, 1153
List the prime factors of 87476.
2, 19, 1151
List the prime factors of 8974678.
2, 4487339
List the prime factors of 9458271.
3, 199, 5281
List the prime factors of 495611.
495611
What are the prime factors of 249083?
83, 3001
List the prime factors of 685341.
3, 8461
What are the prime factors of 1676621?
1676621
List the prime factors of 202107.
3, 67369
What are the prime factors of 2761597?
2761597
List the prime factors of 639061.
149, 4289
List the prime factors of 262772.
2, 179, 367
What are the prime factors of 5451925?
5, 218077
List the prime factors of 67559.
67559
What are the prime factors of 17480?
2, 5, 19, 23
List the prime factors of 5474283.
3, 1824761
List the prime factors of 512106.
2, 3, 7, 89, 137
List the prime factors of 552005.
5, 113, 977
List the prime factors of 216257.
17, 12721
List the prime factors of 3052